3 prime?
False
Is 476972345 a prime number?
False
Is 194520389311 composite?
True
Is 77089279799 a prime number?
False
Is 13711039 a composite number?
False
Is 54222582379 composite?
True
Is 773702519 prime?
False
Is 15132341006 a prime number?
False
Is 14545622711 composite?
False
Is 149207998 prime?
False
Is 38762580247 a composite number?
False
Is 263038843 composite?
True
Is 1204032877 prime?
False
Is 3091166233 a prime number?
True
Is 92482131091 a composite number?
True
Is 16667745821 a prime number?
False
Is 2051494751 composite?
False
Is 187358244107 prime?
True
Is 2706867193 composite?
True
Is 1018814341 a composite number?
True
Is 386328808517 a composite number?
False
Is 1149595273 composite?
True
Is 102479527 a prime number?
True
Is 10379344307 prime?
True
Is 1044702797 a composite number?
False
Is 28055336273 composite?
False
Is 50431569163 composite?
True
Is 82670678665 a prime number?
False
Is 8381552287 a prime number?
False
Is 22503806651 a composite number?
False
Is 7465144117 a composite number?
False
Is 1919480041 a composite number?
True
Is 788750441 a composite number?
False
Is 1296553823 a composite number?
False
Is 2370688589 a prime number?
False
Is 297381154943 a prime number?
False
Is 271301101 a composite number?
True
Is 11860406411 prime?
False
Is 275158465 a composite number?
True
Is 555497413 a composite number?
False
Is 12930030167 a prime number?
True
Is 3859489273 a composite number?
True
Is 4974124423 composite?
False
Is 521432591 prime?
False
Is 552548207 a composite number?
False
Is 8749206607 composite?
False
Is 332572112527 composite?
False
Is 3697049009 prime?
True
Is 10834903011 prime?
False
Is 9874312577 composite?
False
Is 10808443 composite?
False
Is 397669871 composite?
True
Is 16796142577 a prime number?
False
Is 26578305037 prime?
False
Is 2330038129 prime?
True
Is 5039307577 composite?
False
Is 15326635487 prime?
True
Is 10395513151 a composite number?
False
Is 135264539 composite?
False
Is 134647335019 a prime number?
False
Is 259462351 a composite number?
True
Is 96415691 a prime number?
False
Is 744005983873 a composite number?
False
Is 2844038107 prime?
True
Is 83348100481 a composite number?
False
Is 1908652393 a prime number?
False
Is 365457031 prime?
True
Is 5286596543 prime?
False
Is 567016685 a composite number?
True
Is 68329 a composite number?
False
Is 69761203 prime?
True
Is 192197497 a prime number?
False
Is 18843397973 a prime number?
True
Is 203051635 a prime number?
False
Is 1927527961 a prime number?
True
Is 5259976109 a composite number?
False
Is 97742450782 a prime number?
False
Is 511762337 a composite number?
False
Is 1866155077 prime?
False
Is 11307241 a composite number?
True
Is 542942221 composite?
False
Is 5793179831 composite?
False
Is 17888836549 a prime number?
False
Is 3279838693 prime?
False
Is 67141937503 prime?
True
Is 107044639129 composite?
False
Is 159763771 prime?
True
Is 2631259717 prime?
True
Is 9282275239 composite?
False
Is 26575967 composite?
True
Is 58041098747 a prime number?
True
Is 19372729127 a prime number?
True
Is 36303149 composite?
False
Is 2671117381 prime?
True
Is 23209575461 composite?
True
Is 196923361 prime?
False
Is 20842003429 a composite number?
True
Is 1316457143 composite?
False
Is 35339009 a prime number?
True
Is 22495770067 a prime number?
True
Is 3407792221 a composite number?
False
Is 1332023724983 a composite number?
True
Is 884956613963 prime?
True
Is 21822949697 a prime number?
True
Is 28650101 a prime number?
True
Is 2930507803 a prime number?
False
Is 19382962201 a prime number?
False
Is 2628883259 composite?
True
Is 494385191 a prime number?
True
Is 39560646191 prime?
False
Is 1120007593 a composite number?
True
Is 6823876541 composite?
True
Is 22489627061 a composite number?
True
Is 1293085837 a composite number?
False
Is 1092836837 a prime number?
False
Is 1149229931 prime?
True
Is 9165176453 a composite number?
True
Is 7774922131 a composite number?
False
Is 4751959679 a composite number?
True
Is 26632797421 prime?
True
Is 32269338979 a prime number?
True
Is 2001272017 prime?
True
Is 12998621201 a prime number?
True
Is 5694002921 a prime number?
True
Is 47003339 composite?
False
Is 487147849 composite?
True
Is 55223387 a prime number?
False
Is 381362269 composite?
False
Is 14471251631 a composite number?
False
Is 238560313 a prime number?
True
Is 7858283687 composite?
False
Is 46485438761 a composite number?
True
Is 3303331157 composite?
True
Is 2356174589 a prime number?
True
Is 26082606254 prime?
False
Is 231126091761 a prime number?
False
Is 1770642411 prime?
False
Is 2096189639 a prime number?
False
Is 220683971 composite?
False
Is 3078704441 composite?
False
Is 5448846721 a prime number?
True
Is 49327722911 a prime number?
True
Is 874830155 prime?
False
Is 165561803219 composite?
False
Is 6137045273 a prime number?
True
Is 5189013469 a composite number?
True
Is 13698298527 composite?
True
Is 37128373793 composite?
True
Is 17745992333 prime?
False
Is 126640043 prime?
False
Is 7257994207 composite?
True
Is 488213053 a prime number?
False
Is 475560035 a prime number?
False
Is 6638298521 a composite number?
True
Is 61832062189 a prime number?
True
Is 126554279 composite?
True
Is 1822042561 a prime number?
False
Is 1163719981 a prime number?
True
Is 15822465443 prime?
False
Is 34808668955 prime?
False
Is 1405501043 composite?
True
Is 4664718803 prime?
False
Is 767206291 prime?
False
Is 81005238947 prime?
True
Is 111260755 a prime number?
False
Is 106872691 a prime number?
False
Is 2037119417 a composite number?
False
Is 9559275907 a composite number?
False
Is 5379647887 prime?
True
Is 153952049711 a composite number?
True
Is 22097694679 a prime number?
False
Is 8811948819 prime?
False
Is 5650324387 composite?
False
Is 748463867 a prime number?
True
Is 692031643 prime?
True
Is 172513833139 prime?
False
Is 7263660463 prime?
True
Is 3220914649 a composite number?
False
Is 48292334851 a prime number?
False
Is 1787644423 a composite number?
False
Is 1831215427 a composite number?
True
Is 68920853 composite?
False
Is 8555800333 composite?
False
Is 9166364699 a composite number?
False
Is 344723893 composite?
True
Is 10712331713 prime?
True
Is 12140064199 a prime number?
False
Is 36247349497 composite?
False
Is 2768008249 prime?
True
Is 2427250333 composite?
False
Is 7098082349 a prime number?
True
Is 947182111 prime?
False
Is 17253497347 a prime number?
True
Is 65798504749 a composite number?
True
Is 213181313 a composite number?
True
Is 1792929301 a prime number?
True
Is 67672603403 composite?
True
Is 398535859 a prime number?
False
Is 1806417553 composite?
False
Is 104826073397 prime?
False
Is 2953010131 prime?
True
Is 555968183 composite?
False
Is 22373249863 composite?
False
Is 14586224215 a prime number?
False
Is 87678664399 a composite number?
True
Is 51413419 prime?
True
Is 136845769 composite?
False
Is 3607013791 a prime number?
True
Is 1494396194 a composite number?
True
Is 7617553666 composite?
True
Is 308667883 composite?
False
Is 2716092619 prime?
True
Is 459775954649 a prime number?
False
Is 1608277577 prime?
True
Is 2454843413 prime?
False
Is 1132851019 a prime number?
False
Is 45791711873 a prime number?
False
Is 580038659 a prime number?
True
Is 412627153 a prime number?
False
Is 602367257 prime?
True
Is 2406953431 a composite number?
True
Is 20875302367 a prime number?
True
Is 908737003 a prime number?
False
Is 2519083601 composite?
True
Is 9321033647 a composite number?
False
Is 1813070651 a composite number?
True
Is 2062517063 a composite number?
True
Is 5023207963 composite?
True
Is 7004246749 composite?
False
Is 10435115027 composite?
False
Is 84493511 prime?
True
Is 2326623947 a composite number?
False
Is 23532559229 composite?
False
Is 2477952503 a prime number?
False
Is 917934799 a composite number?
False
Is 3964421633 composite?
True
Is 2410068883 prime?
True
Is 1751358073 a composite number?
False
Is 16651515337 composite?
True
Is 569543921 prime?
True
Is 12165098837 composite?
True
Is 31739305013 a composite number?
True
Is 1003732271 prime?
True
Is 452620757 prime?
True
Is 66552545473 a composite number?
False
Is 67138937153 composite?
True
Is 5210972989 a composite number?
True
Is 2534563583 prime?